{"id":1098,"date":"2015-05-04T18:22:18","date_gmt":"2015-05-04T18:22:18","guid":{"rendered":"http:\/\/le-nomade.com\/nomade\/?page_id=1098"},"modified":"2015-06-16T13:14:16","modified_gmt":"2015-06-16T13:14:16","slug":"photo-encadree","status":"publish","type":"page","link":"http:\/\/le-nomade.com\/nomade\/photo-encadree\/","title":{"rendered":"Photo encadr\u00e9e"},"content":{"rendered":"<h2 class=\"r\">Photo encadr\u00e9e : votre photo livr\u00e9e encadr\u00e9e<\/h2>\n<p>Nos photographies pr\u00e9sentes sur <strong>500px<\/strong> seront aussi disponibles en version encadr\u00e9e ainsi que sur T-shirt et tasse (<em>mug<\/em>).<\/p>\n<p>Vous pouvez en tout temps nous faire part d&rsquo;une photographie que nous pourrions faire afin de vous livrer ceci sous un format encadr\u00e9.<\/p>\n<h3>Alors n&rsquo;h\u00e9sitez pas et visitez notre galerie sur\u00a0<a href=\"http:\/\/society6.com\/lenomadecom\" target=\"_blank\">http:\/\/society6.com\/lenomadecom<\/a><\/h3>\n","protected":false},"excerpt":{"rendered":"<p>Photo encadr\u00e9e : votre photo livr\u00e9e encadr\u00e9e Nos photographies pr\u00e9sentes sur 500px seront aussi disponibles en version encadr\u00e9e ainsi que<\/p>\n","protected":false},"author":1,"featured_media":0,"parent":0,"menu_order":0,"comment_status":"open","ping_status":"open","template":"","meta":{"footnotes":""},"_links":{"self":[{"href":"http:\/\/le-nomade.com\/nomade\/wp-json\/wp\/v2\/pages\/1098"}],"collection":[{"href":"http:\/\/le-nomade.com\/nomade\/wp-json\/wp\/v2\/pages"}],"about":[{"href":"http:\/\/le-nomade.com\/nomade\/wp-json\/wp\/v2\/types\/page"}],"author":[{"embeddable":true,"href":"http:\/\/le-nomade.com\/nomade\/wp-json\/wp\/v2\/users\/1"}],"replies":[{"embeddable":true,"href":"http:\/\/le-nomade.com\/nomade\/wp-json\/wp\/v2\/comments?post=1098"}],"version-history":[{"count":9,"href":"http:\/\/le-nomade.com\/nomade\/wp-json\/wp\/v2\/pages\/1098\/revisions"}],"predecessor-version":[{"id":1365,"href":"http:\/\/le-nomade.com\/nomade\/wp-json\/wp\/v2\/pages\/1098\/revisions\/1365"}],"wp:attachment":[{"href":"http:\/\/le-nomade.com\/nomade\/wp-json\/wp\/v2\/media?parent=1098"}],"curies":[{"name":"wp","href":"https:\/\/api.w.org\/{rel}","templated":true}]}}