{"id":1234,"date":"2015-06-11T15:44:35","date_gmt":"2015-06-11T15:44:35","guid":{"rendered":"http:\/\/le-nomade.com\/nomade\/?page_id=1234"},"modified":"2015-06-13T18:29:38","modified_gmt":"2015-06-13T18:29:38","slug":"seo","status":"publish","type":"page","link":"http:\/\/le-nomade.com\/nomade\/seo\/","title":{"rendered":"SEO"},"content":{"rendered":"<h2>SEO &#8211; r\u00e9f\u00e9rencement de sites Internet. Search Engine Optimization.<\/h2>\n<p>Vous avez cr\u00e9\u00e9 votre site, il faut que les internautes puissent le trouver. Le r\u00e9f\u00e9rencement consiste \u00e0 \u00eatre pr\u00e9sent dans\u00a0les moteurs de recherche, (Google,Yahoo,Bing,etc..), les plus importants \u00e0 tous le moins, et de se positionner non pas sur de simples mots-cl\u00e9s mais aussi des phrases-cl\u00e9s.<\/p>\n<div class=\"fitvids-video\"><iframe loading=\"lazy\" width=\"800\" height=\"450\" src=\"https:\/\/www.youtube.com\/embed\/hhuOg0DtWWo?feature=oembed\" frameborder=\"0\" allow=\"accelerometer; autoplay; encrypted-media; gyroscope; picture-in-picture\" allowfullscreen><\/iframe><\/div>\n<p>&nbsp;<\/p>\n<blockquote><p><em><b>Search engine optimization<\/b>\u00a0(<b>SEO<\/b>) is the process of affecting the visibility of a\u00a0<a title=\"Website\" href=\"http:\/\/en.wikipedia.org\/wiki\/Website\">website<\/a>\u00a0or a\u00a0<a title=\"Web page\" href=\"http:\/\/en.wikipedia.org\/wiki\/Web_page\">web page<\/a>\u00a0in a\u00a0<a class=\"mw-redirect\" title=\"Search engine\" href=\"http:\/\/en.wikipedia.org\/wiki\/Search_engine\">search engine<\/a>&lsquo;s unpaid results &#8211; often referred to as \u00ab\u00a0natural,\u00a0\u00bb \u00ab\u00a0<a title=\"Organic search\" href=\"http:\/\/en.wikipedia.org\/wiki\/Organic_search\">organic<\/a>,\u00a0\u00bb or \u00ab\u00a0earned\u00a0\u00bb results. In general, the earlier (or higher ranked on the search results page), and more frequently a site appears in the search results list, the more visitors it will receive from the search engine&rsquo;s users.\u00a0<\/em><\/p><\/blockquote>\n<p>Source :\u00a0<a title=\"SEO\" href=\"http:\/\/en.wikipedia.org\/wiki\/Search_engine_optimization\" target=\"_blank\">http:\/\/en.wikipedia.org\/wiki\/Search_engine_optimization<\/a><\/p>\n","protected":false},"excerpt":{"rendered":"<p>SEO &#8211; r\u00e9f\u00e9rencement de sites Internet. Search Engine Optimization. Vous avez cr\u00e9\u00e9 votre site, il faut que les internautes puissent<\/p>\n","protected":false},"author":1,"featured_media":0,"parent":0,"menu_order":0,"comment_status":"open","ping_status":"open","template":"","meta":{"footnotes":""},"_links":{"self":[{"href":"http:\/\/le-nomade.com\/nomade\/wp-json\/wp\/v2\/pages\/1234"}],"collection":[{"href":"http:\/\/le-nomade.com\/nomade\/wp-json\/wp\/v2\/pages"}],"about":[{"href":"http:\/\/le-nomade.com\/nomade\/wp-json\/wp\/v2\/types\/page"}],"author":[{"embeddable":true,"href":"http:\/\/le-nomade.com\/nomade\/wp-json\/wp\/v2\/users\/1"}],"replies":[{"embeddable":true,"href":"http:\/\/le-nomade.com\/nomade\/wp-json\/wp\/v2\/comments?post=1234"}],"version-history":[{"count":7,"href":"http:\/\/le-nomade.com\/nomade\/wp-json\/wp\/v2\/pages\/1234\/revisions"}],"predecessor-version":[{"id":1331,"href":"http:\/\/le-nomade.com\/nomade\/wp-json\/wp\/v2\/pages\/1234\/revisions\/1331"}],"wp:attachment":[{"href":"http:\/\/le-nomade.com\/nomade\/wp-json\/wp\/v2\/media?parent=1234"}],"curies":[{"name":"wp","href":"https:\/\/api.w.org\/{rel}","templated":true}]}}