{"id":1383,"date":"2015-07-02T01:40:18","date_gmt":"2015-07-02T01:40:18","guid":{"rendered":"http:\/\/le-nomade.com\/nomade\/?page_id=1383"},"modified":"2015-07-02T01:44:04","modified_gmt":"2015-07-02T01:44:04","slug":"redaction-en-francais","status":"publish","type":"page","link":"http:\/\/le-nomade.com\/nomade\/site-internet\/redaction-en-francais\/","title":{"rendered":"R\u00e9daction en fran\u00e7ais"},"content":{"rendered":"<h2>R\u00e9daction pour l&rsquo;internet ou imprim\u00e9<\/h2>\n<p>Avez-vous le temps pour faire du travail de <strong>r\u00e9daction et r\u00e9vision<\/strong>\u00a0en fran\u00e7ais de votre site web ou de vos livres (papier et num\u00e9rique) ?<\/p>\n<p>Si la r\u00e9ponse est non, alors nous pouvons vous aider !<\/p>\n<p>Dans le cadre de nos <strong><a title=\"Service d\u2019\u00e9dimestre\" href=\"http:\/\/le-nomade.com\/nomade\/site-internet\/service-d-edimestre\/\">services d&rsquo;\u00e9dimestre<\/a>\u00a0en fran\u00e7ais<\/strong>, nous offrons des services tels que :<\/p>\n<ul>\n<li>R\u00e9daction de CV<\/li>\n<li>R\u00e9daction de profils LinkedIn<\/li>\n<li>R\u00e9daction de livres blancs (<em>white papers<\/em>)<\/li>\n<li>R\u00e9daction de portraits (artistes, conf\u00e9renciers)<\/li>\n<li>R\u00e9daction de bibliographies d\u2019entreprise et d\u2019autobiographies de particuliers<\/li>\n<li>R\u00e9daction de blogues<\/li>\n<li>R\u00e9daction de sites Internet<\/li>\n<\/ul>\n","protected":false},"excerpt":{"rendered":"<p>R\u00e9daction pour l&rsquo;internet ou imprim\u00e9 Avez-vous le temps pour faire du travail de r\u00e9daction et r\u00e9vision\u00a0en fran\u00e7ais de votre site<\/p>\n","protected":false},"author":1,"featured_media":0,"parent":216,"menu_order":0,"comment_status":"open","ping_status":"open","template":"","meta":{"footnotes":""},"_links":{"self":[{"href":"http:\/\/le-nomade.com\/nomade\/wp-json\/wp\/v2\/pages\/1383"}],"collection":[{"href":"http:\/\/le-nomade.com\/nomade\/wp-json\/wp\/v2\/pages"}],"about":[{"href":"http:\/\/le-nomade.com\/nomade\/wp-json\/wp\/v2\/types\/page"}],"author":[{"embeddable":true,"href":"http:\/\/le-nomade.com\/nomade\/wp-json\/wp\/v2\/users\/1"}],"replies":[{"embeddable":true,"href":"http:\/\/le-nomade.com\/nomade\/wp-json\/wp\/v2\/comments?post=1383"}],"version-history":[{"count":5,"href":"http:\/\/le-nomade.com\/nomade\/wp-json\/wp\/v2\/pages\/1383\/revisions"}],"predecessor-version":[{"id":1389,"href":"http:\/\/le-nomade.com\/nomade\/wp-json\/wp\/v2\/pages\/1383\/revisions\/1389"}],"up":[{"embeddable":true,"href":"http:\/\/le-nomade.com\/nomade\/wp-json\/wp\/v2\/pages\/216"}],"wp:attachment":[{"href":"http:\/\/le-nomade.com\/nomade\/wp-json\/wp\/v2\/media?parent=1383"}],"curies":[{"name":"wp","href":"https:\/\/api.w.org\/{rel}","templated":true}]}}