{"id":1489,"date":"2015-08-14T19:17:00","date_gmt":"2015-08-14T19:17:00","guid":{"rendered":"http:\/\/le-nomade.com\/nomade\/?page_id=1489"},"modified":"2015-08-14T19:21:14","modified_gmt":"2015-08-14T19:21:14","slug":"statue-sur-les-quais-du-vieux-port-de-montreal","status":"publish","type":"page","link":"http:\/\/le-nomade.com\/nomade\/photographie-au-canada\/exposition-photographique\/statue-sur-les-quais-du-vieux-port-de-montreal\/","title":{"rendered":"Statue sur les quais du vieux port de Montr\u00e9al"},"content":{"rendered":"<h2>L\u2019exposition photographique de Philippe Waterloos \u00e0 Montr\u00e9al<\/h2>\n<h4>Comment aller sur le lieu de prise de vue \u00e0 partir de l&rsquo;auberge ?<\/h4>\n<h4>How to get to the place where you can take the same picture?<\/h4>\n<p><iframe loading=\"lazy\" style=\"border: 0;\" src=\"https:\/\/www.google.com\/maps\/embed?pb=!1m26!1m12!1m3!1d2796.37413618873!2d-73.55465506632214!3d45.502546626678814!2m3!1f0!2f0!3f0!3m2!1i1024!2i768!4f13.1!4m11!3e2!4m5!1s0x4cc91a58e3550215%3A0x931ebcd979157df1!2sAuberge+Alternative+du+Vieux-Montr%C3%A9al%2C+358+Rue+Saint+Pierr%2C+Montr%C3%A9al%2C+QC+H2Y+2M1!3m2!1d45.501016!2d-73.556111!4m3!3m2!1d45.502820899999996!2d-73.5485747!5e0!3m2!1sfr!2sca!4v1439036838912\" width=\"600\" height=\"450\" frameborder=\"0\" allowfullscreen=\"allowfullscreen\"><\/iframe><\/p>\n<figure id=\"attachment_1413\" aria-describedby=\"caption-attachment-1413\" style=\"width: 150px\" class=\"wp-caption alignleft\"><a href=\"https:\/\/500px.com\/photo\/71047997\/sculpture-by-philippe-waterloos?from=set&amp;set_id=2271397\" target=\"_blank\"><img loading=\"lazy\" decoding=\"async\" class=\"wp-image-1413 size-thumbnail\" src=\"http:\/\/le-nomade.com\/nomade\/wp-content\/uploads\/2015\/08\/Capture-d\u2019\u00e9cran-2015-08-14-\u00e0-15.19.10-150x150.png\" alt=\"Statue sur les quais du vieux port de Montr\u00e9al\" width=\"150\" height=\"150\" \/><\/a><figcaption id=\"caption-attachment-1413\" class=\"wp-caption-text\">Statue sur les quais du vieux port de Montr\u00e9al<\/figcaption><\/figure>\n<p>&nbsp;<\/p>\n<h3>Acheter cette image de Statue sur les quais du vieux port de Montr\u00e9al ou ses produits d\u00e9riv\u00e9s \/ Buy this picture or objects made with this picture.<\/h3>\n<p><a href=\"https:\/\/500px.com\/photo\/71047997\/sculpture-by-philippe-waterloos?from=set&amp;set_id=2271397\" target=\"_blank\">https:\/\/500px.com\/photo\/71047997\/sculpture-by-philippe-waterloos?from=set&amp;set_id=2271397<\/a><\/p>\n<p><a href=\"https:\/\/society6.com\/product\/lunette-qbl_print#1=45\" target=\"_blank\">https:\/\/society6.com\/product\/lunette-qbl_print#1=45<\/a><\/p>\n<p><a href=\"https:\/\/500px.com\/photo\/71047997\/sculpture-by-philippe-waterloos?from=set&amp;set_id=2271397\"><img loading=\"lazy\" decoding=\"async\" class=\"alignleft size-full wp-image-1491\" src=\"http:\/\/le-nomade.com\/nomade\/wp-content\/uploads\/2015\/08\/Capture-d\u2019\u00e9cran-2015-08-14-\u00e0-15.17.31.png\" alt=\"Capture d\u2019\u00e9cran 2015-08-14 \u00e0 15.17.31\" width=\"435\" height=\"157\" srcset=\"http:\/\/le-nomade.com\/nomade\/wp-content\/uploads\/2015\/08\/Capture-d\u2019\u00e9cran-2015-08-14-\u00e0-15.17.31.png 435w, http:\/\/le-nomade.com\/nomade\/wp-content\/uploads\/2015\/08\/Capture-d\u2019\u00e9cran-2015-08-14-\u00e0-15.17.31-300x108.png 300w\" sizes=\"(max-width: 435px) 100vw, 435px\" \/><\/a><\/p>\n","protected":false},"excerpt":{"rendered":"<p>L\u2019exposition photographique de Philippe Waterloos \u00e0 Montr\u00e9al Comment aller sur le lieu de prise de vue \u00e0 partir de l&rsquo;auberge<\/p>\n","protected":false},"author":1,"featured_media":0,"parent":1420,"menu_order":0,"comment_status":"open","ping_status":"open","template":"template-fullwidth.php","meta":{"footnotes":""},"_links":{"self":[{"href":"http:\/\/le-nomade.com\/nomade\/wp-json\/wp\/v2\/pages\/1489"}],"collection":[{"href":"http:\/\/le-nomade.com\/nomade\/wp-json\/wp\/v2\/pages"}],"about":[{"href":"http:\/\/le-nomade.com\/nomade\/wp-json\/wp\/v2\/types\/page"}],"author":[{"embeddable":true,"href":"http:\/\/le-nomade.com\/nomade\/wp-json\/wp\/v2\/users\/1"}],"replies":[{"embeddable":true,"href":"http:\/\/le-nomade.com\/nomade\/wp-json\/wp\/v2\/comments?post=1489"}],"version-history":[{"count":5,"href":"http:\/\/le-nomade.com\/nomade\/wp-json\/wp\/v2\/pages\/1489\/revisions"}],"predecessor-version":[{"id":1496,"href":"http:\/\/le-nomade.com\/nomade\/wp-json\/wp\/v2\/pages\/1489\/revisions\/1496"}],"up":[{"embeddable":true,"href":"http:\/\/le-nomade.com\/nomade\/wp-json\/wp\/v2\/pages\/1420"}],"wp:attachment":[{"href":"http:\/\/le-nomade.com\/nomade\/wp-json\/wp\/v2\/media?parent=1489"}],"curies":[{"name":"wp","href":"https:\/\/api.w.org\/{rel}","templated":true}]}}