{"id":374,"date":"2014-12-03T22:55:10","date_gmt":"2014-12-03T22:55:10","guid":{"rendered":"http:\/\/le-nomade.com\/nomade\/?page_id=374"},"modified":"2015-06-16T13:17:32","modified_gmt":"2015-06-16T13:17:32","slug":"referencement-seo","status":"publish","type":"page","link":"http:\/\/le-nomade.com\/nomade\/site-internet\/referencement-seo\/","title":{"rendered":"R\u00e9f\u00e9rencement SEO"},"content":{"rendered":"<p><strong>Le Nomade.Com<\/strong> propose ses services dans le domaine du r\u00e9f\u00e9rencement naturel sur Internet, encore appel\u00e9 <strong>SEO<\/strong>.<\/p>\n<p>Nous pouvons nous occuper de l&rsquo;am\u00e9lioration de votre site Internet et faire en sorte que les internautes vous trouvent plus facilement gr\u00e2ce aux moteurs de recherche, en particulier avec Google.<\/p>\n<p>Nous favorisons du contenu de qualit\u00e9, le maillage entre les r\u00e9seaux sociaux (<a title=\"Google+ de Le Nomade.com\" href=\"https:\/\/plus.google.com\/u\/0\/+Lenomadecom\/posts\" target=\"_blank\">Google +<\/a>, <a title=\"Twitter de Le Nomade.Com\" href=\"https:\/\/twitter.com\/waterphil\" target=\"_blank\">Twitter<\/a>, <a href=\"https:\/\/www.facebook.com\/lenomadecom\" target=\"_blank\">Facebook<\/a>) ainsi que l&rsquo;affichage de publicit\u00e9s cibl\u00e9es notamment avec le syst\u00e8me Adwords de Google.<\/p>\n<p>Lisez notre article sur <a title=\"R\u00e9f\u00e9rencement naturel avec WordPress et Yoast\" href=\"http:\/\/le-nomade.com\/nomade\/blog\/referencement-naturel-avec-wordpress-et-yoast\/\">comment positionner une page web<\/a> en premi\u00e8re page de Google avec WordPress et le plug-in Yoast.<\/p>\n<p>Voyez aussi notre strat\u00e9gie de <a title=\"Infographie sur la strat\u00e9gie de publication sur les r\u00e9seaux sociaux\" href=\"http:\/\/le-nomade.com\/nomade\/blog\/infographie-sur-la-strategie-de-publication-sur-les-reseaux-sociaux\/\">publication dans les r\u00e9seaux sociaux<\/a>.<\/p>\n<p>&nbsp;<\/p>\n<p><a title=\"Forfait r\u00e9f\u00e9rencement SEO\" href=\"http:\/\/le-nomade.com\/nomade\/forfait-referencement-seo\/\">Consultez nos diff\u00e9rents forfaits<\/a> ou contactez-nous \u00e0 <a title=\"Nous \u00e9crire\" href=\"mailto:info@le-nomade.com\" target=\"_blank\">info@le-nomade.com<\/a> afin de conna\u00eetre le d\u00e9tail de nos\u00a0forfaits.<\/p>\n<p>&nbsp;<\/p>\n<hr \/>\n<p>&nbsp;<\/p>\n<p>Source <a title=\"SEO sur wikip\u00e9dia\" href=\"http:\/\/fr.wikipedia.org\/wiki\/Optimisation_pour_les_moteurs_de_recherche\" target=\"_blank\">Wikip\u00e9dia<\/a> :<\/p>\n<p><em>L\u2019<b>optimisation pour les moteurs de recherche<\/b>\u00a0(en\u00a0<a title=\"Anglais\" href=\"http:\/\/fr.wikipedia.org\/wiki\/Anglais\">anglais<\/a>\u00a0:\u00a0Search engine optimization,\u00a0<b>SEO<\/b>) est un ensemble de techniques visant \u00e0 favoriser la compr\u00e9hension de la th\u00e9matique et du contenu d&rsquo;une ou de l&rsquo;ensemble des\u00a0<a title=\"Page Web\" href=\"http:\/\/fr.wikipedia.org\/wiki\/Page_Web\">pages d&rsquo;un site Web<\/a>\u00a0par les\u00a0<a title=\"Moteurs de recherche\" href=\"http:\/\/fr.wikipedia.org\/wiki\/Moteurs_de_recherche\">moteurs de recherche<\/a>. Ces techniques visent donc \u00e0 apporter un maximum d&rsquo;informations concernant le contenu d&rsquo;une page web aux robots d&rsquo;indexation des\u00a0<a title=\"Moteurs de recherche\" href=\"http:\/\/fr.wikipedia.org\/wiki\/Moteurs_de_recherche\">moteurs de recherche<\/a>.<\/em><\/p>\n<p><em>L&rsquo;objectif de ce proc\u00e9d\u00e9 est d&rsquo;orienter le positionnement d&rsquo;une page Web dans les r\u00e9sultats de recherche des moteurs sur des\u00a0<a title=\"Mot cl\u00e9 (sciences de l'information et des biblioth\u00e8ques)\" href=\"http:\/\/fr.wikipedia.org\/wiki\/Mot_cl%C3%A9_(sciences_de_l%27information_et_des_biblioth%C3%A8ques)\">mots-cl\u00e9s<\/a>\u00a0correspondant aux th\u00e8mes principaux du site. On consid\u00e8re g\u00e9n\u00e9ralement que le positionnement d&rsquo;un site est bon lorsqu&rsquo;il est positionn\u00e9 (class\u00e9) dans l&rsquo;une des dix premi\u00e8res r\u00e9ponses d&rsquo;une recherche sur des mots-cl\u00e9s correspondant pr\u00e9cis\u00e9ment \u00e0 sa th\u00e9matique<a href=\"http:\/\/fr.wikipedia.org\/wiki\/SEO#cite_note-1\">1<\/a>.<\/em><\/p>\n","protected":false},"excerpt":{"rendered":"<p>Le Nomade.Com propose ses services dans le domaine du r\u00e9f\u00e9rencement naturel sur Internet, encore appel\u00e9 SEO. Nous pouvons nous occuper<\/p>\n","protected":false},"author":1,"featured_media":0,"parent":216,"menu_order":0,"comment_status":"closed","ping_status":"closed","template":"","meta":{"footnotes":""},"_links":{"self":[{"href":"http:\/\/le-nomade.com\/nomade\/wp-json\/wp\/v2\/pages\/374"}],"collection":[{"href":"http:\/\/le-nomade.com\/nomade\/wp-json\/wp\/v2\/pages"}],"about":[{"href":"http:\/\/le-nomade.com\/nomade\/wp-json\/wp\/v2\/types\/page"}],"author":[{"embeddable":true,"href":"http:\/\/le-nomade.com\/nomade\/wp-json\/wp\/v2\/users\/1"}],"replies":[{"embeddable":true,"href":"http:\/\/le-nomade.com\/nomade\/wp-json\/wp\/v2\/comments?post=374"}],"version-history":[{"count":17,"href":"http:\/\/le-nomade.com\/nomade\/wp-json\/wp\/v2\/pages\/374\/revisions"}],"predecessor-version":[{"id":1366,"href":"http:\/\/le-nomade.com\/nomade\/wp-json\/wp\/v2\/pages\/374\/revisions\/1366"}],"up":[{"embeddable":true,"href":"http:\/\/le-nomade.com\/nomade\/wp-json\/wp\/v2\/pages\/216"}],"wp:attachment":[{"href":"http:\/\/le-nomade.com\/nomade\/wp-json\/wp\/v2\/media?parent=374"}],"curies":[{"name":"wp","href":"https:\/\/api.w.org\/{rel}","templated":true}]}}