{"id":385,"date":"2014-12-05T22:24:52","date_gmt":"2014-12-05T22:24:52","guid":{"rendered":"http:\/\/le-nomade.com\/nomade\/?page_id=385"},"modified":"2015-06-13T15:07:37","modified_gmt":"2015-06-13T15:07:37","slug":"validation-ergonomique-application","status":"publish","type":"page","link":"http:\/\/le-nomade.com\/nomade\/ergonomie-web\/validation-ergonomique-application\/","title":{"rendered":"Validation ergonomique d&rsquo;applications"},"content":{"rendered":"<h2>Qu&rsquo;est-ce qu&rsquo;une \u00e9valuation ergonomique d&rsquo;applications iPad ou Android ?<\/h2>\n<p>Nous faisons des \u00e9valuations pour des entreprises tel\u00a0<a title=\"Evaluation d'application\" href=\"http:\/\/edululu.org\/fr\" target=\"_blank\">Edululu<\/a> ou d&rsquo;autres afin de donner notre avis sur la convivialit\u00e9 des applications pour les plateformes Android ou iPad.<\/p>\n<p>Les \u00e9valuations vont du simple rapport d&rsquo;opinion \u00e0 une \u00e9valuation beaucoup plus complexe et accompagn\u00e9e de pistes de solution pour l&rsquo;am\u00e9lioration de vos applications.<\/p>\n<p>Si vous \u00eates une entreprise sp\u00e9cialis\u00e9e en conception d&rsquo;applications iPad et\/ou Android, vous ne devez surtout pas sous-estimer l\u2019importance d\u2019une bonne ergonomie pour de telles applications mobiles.<\/p>\n<p>Les clients sont devenus plus \u00e0 l&rsquo;aise sur les tablettes ou sur leur t\u00e9l\u00e9phones intelligents et s&rsquo;attendent maintenant \u00e0 une exp\u00e9rience utilisateur plus pouss\u00e9e, donc plus simple.<\/p>\n<h4>Des exemples d&rsquo;applications r\u00e9ussies<\/h4>\n<p>Voici un exemple d&rsquo;une application tr\u00e8s int\u00e9ressante dans le domaine de la photographie, <a title=\"Applications disponibles\" href=\"https:\/\/500px.com\/apps\" target=\"_blank\">500px<\/a>. On y retrouve l&rsquo;essentiel des fonctionnalit\u00e9s disponibles dans la version web.<\/p>\n<p><a href=\"http:\/\/le-nomade.com\/nomade\/wp-content\/uploads\/2014\/12\/IMG_0070.png\"><img loading=\"lazy\" decoding=\"async\" class=\"aligncenter size-full wp-image-393\" src=\"http:\/\/le-nomade.com\/nomade\/wp-content\/uploads\/2014\/12\/IMG_0070.png\" alt=\"IMG_0070\" width=\"768\" height=\"1024\" srcset=\"http:\/\/le-nomade.com\/nomade\/wp-content\/uploads\/2014\/12\/IMG_0070.png 768w, http:\/\/le-nomade.com\/nomade\/wp-content\/uploads\/2014\/12\/IMG_0070-225x300.png 225w\" sizes=\"(max-width: 768px) 100vw, 768px\" \/><\/a><\/p>\n<p>&nbsp;<\/p>\n<p>&nbsp;<\/p>\n<p>Autre exemple d&rsquo;analyse et d&rsquo;application bien r\u00e9ussi sur Edululu :<\/p>\n<p><a href=\"http:\/\/edululu.org\/fr\/applications-educatives\/661\/the-elements-in-action\">http:\/\/edululu.org\/fr\/applications-educatives\/661\/the-elements-in-action<\/a><\/p>\n<p>&nbsp;<\/p>\n<p>&nbsp;<\/p>\n","protected":false},"excerpt":{"rendered":"<p>Qu&rsquo;est-ce qu&rsquo;une \u00e9valuation ergonomique d&rsquo;applications iPad ou Android ? Nous faisons des \u00e9valuations pour des entreprises tel\u00a0Edululu ou d&rsquo;autres afin<\/p>\n","protected":false},"author":1,"featured_media":0,"parent":210,"menu_order":0,"comment_status":"closed","ping_status":"closed","template":"template-fullwidth.php","meta":{"footnotes":""},"_links":{"self":[{"href":"http:\/\/le-nomade.com\/nomade\/wp-json\/wp\/v2\/pages\/385"}],"collection":[{"href":"http:\/\/le-nomade.com\/nomade\/wp-json\/wp\/v2\/pages"}],"about":[{"href":"http:\/\/le-nomade.com\/nomade\/wp-json\/wp\/v2\/types\/page"}],"author":[{"embeddable":true,"href":"http:\/\/le-nomade.com\/nomade\/wp-json\/wp\/v2\/users\/1"}],"replies":[{"embeddable":true,"href":"http:\/\/le-nomade.com\/nomade\/wp-json\/wp\/v2\/comments?post=385"}],"version-history":[{"count":14,"href":"http:\/\/le-nomade.com\/nomade\/wp-json\/wp\/v2\/pages\/385\/revisions"}],"predecessor-version":[{"id":1264,"href":"http:\/\/le-nomade.com\/nomade\/wp-json\/wp\/v2\/pages\/385\/revisions\/1264"}],"up":[{"embeddable":true,"href":"http:\/\/le-nomade.com\/nomade\/wp-json\/wp\/v2\/pages\/210"}],"wp:attachment":[{"href":"http:\/\/le-nomade.com\/nomade\/wp-json\/wp\/v2\/media?parent=385"}],"curies":[{"name":"wp","href":"https:\/\/api.w.org\/{rel}","templated":true}]}}