{"id":260,"date":"2014-07-14T00:06:32","date_gmt":"2014-07-14T00:06:32","guid":{"rendered":"http:\/\/le-nomade.com\/nomade\/?page_id=260"},"modified":"2015-06-13T17:59:35","modified_gmt":"2015-06-13T17:59:35","slug":"500px","status":"publish","type":"page","link":"https:\/\/le-nomade.com\/nomade\/photographie-au-canada\/500px\/","title":{"rendered":"500px"},"content":{"rendered":"<h2>Photographe sur 500px<\/h2>\n<p>Nous distribuons nos photographies par l&rsquo;entremise du site de <strong>500px<\/strong> et de <strong>Fotolia<\/strong>.<br \/>\nVoici un aper\u00e7u de nos photos sur <strong>500px<\/strong> :<br \/>\n<a title=\"lenomadecom sur 500px\" href=\"http:\/\/500px.com\/lenomadecom\" target=\"_blank\">http:\/\/500px.com\/lenomadecom<\/a><\/p>\n<p>Le site de 500px permet d&rsquo;acheter des <strong>photographies<\/strong> afin d&rsquo;\u00eatre vendues encadr\u00e9es sur de multiples supports.<br \/>\n<a title=\"lenomadecom sur 500px\" href=\"http:\/\/500px.com\/lenomadecom\/store\" target=\"_blank\">http:\/\/500px.com\/lenomadecom\/store<\/a><\/p>\n<p>500px se distingue par sa formule de vente et sa philosophie ax\u00e9e davantage sur le c\u00f4t\u00e9 artistique.<\/p>\n","protected":false},"excerpt":{"rendered":"<p>Photographe sur 500px Nous distribuons nos photographies par l&rsquo;entremise du site de 500px et de Fotolia. Voici un aper\u00e7u de<\/p>\n","protected":false},"author":1,"featured_media":0,"parent":40,"menu_order":0,"comment_status":"closed","ping_status":"closed","template":"template-fullwidth.php","meta":{"footnotes":""},"_links":{"self":[{"href":"https:\/\/le-nomade.com\/nomade\/wp-json\/wp\/v2\/pages\/260"}],"collection":[{"href":"https:\/\/le-nomade.com\/nomade\/wp-json\/wp\/v2\/pages"}],"about":[{"href":"https:\/\/le-nomade.com\/nomade\/wp-json\/wp\/v2\/types\/page"}],"author":[{"embeddable":true,"href":"https:\/\/le-nomade.com\/nomade\/wp-json\/wp\/v2\/users\/1"}],"replies":[{"embeddable":true,"href":"https:\/\/le-nomade.com\/nomade\/wp-json\/wp\/v2\/comments?post=260"}],"version-history":[{"count":15,"href":"https:\/\/le-nomade.com\/nomade\/wp-json\/wp\/v2\/pages\/260\/revisions"}],"predecessor-version":[{"id":1312,"href":"https:\/\/le-nomade.com\/nomade\/wp-json\/wp\/v2\/pages\/260\/revisions\/1312"}],"up":[{"embeddable":true,"href":"https:\/\/le-nomade.com\/nomade\/wp-json\/wp\/v2\/pages\/40"}],"wp:attachment":[{"href":"https:\/\/le-nomade.com\/nomade\/wp-json\/wp\/v2\/media?parent=260"}],"curies":[{"name":"wp","href":"https:\/\/api.w.org\/{rel}","templated":true}]}}