{"id":308,"date":"2014-09-17T03:13:09","date_gmt":"2014-09-17T03:13:09","guid":{"rendered":"http:\/\/le-nomade.com\/nomade\/?page_id=308"},"modified":"2020-02-25T15:20:07","modified_gmt":"2020-02-25T15:20:07","slug":"calendrier-photo","status":"publish","type":"page","link":"https:\/\/le-nomade.com\/nomade\/photographie-au-canada\/calendrier-photo\/","title":{"rendered":"Calendrier sur Amazon"},"content":{"rendered":"<h1>Acheter nos calendriers sur Amazon<\/h1>\n<p><strong>Laissez-nous concevoir votre calendrier<\/strong> pour l&rsquo;ann\u00e9e 2016 \u00e0 l&rsquo;aide de nos photographies sur le site de 500px :\u00a0<a title=\"500px\" href=\"http:\/\/500px.com\/lenomadecom\" target=\"_blank\" rel=\"noopener\">http:\/\/500px.com\/lenomadecom<\/a>\u00a0et <a title=\"Auteur : Philippe Waterloos sur amazon\" href=\"http:\/\/www.amazon.fr\/s\/ref=dp_byline_sr_book_1?ie=UTF8&amp;text=Philippe+Waterloos&amp;search-alias=books-fr&amp;field-author=Philippe+Waterloos&amp;sort=relevancerank\" target=\"_blank\" rel=\"noopener\">amazon.fr<\/a>\u00a0pour nos calendriers d\u00e9j\u00e0 con\u00e7us en fran\u00e7ais.<\/p>\n<p><a href=\"http:\/\/le-nomade.com\/nomade\/wp-content\/uploads\/2014\/09\/Capture-d\u2019\u00e9cran-2015-11-08-\u00e0-16.38.46.png\"><img loading=\"lazy\" decoding=\"async\" class=\"alignleft size-full wp-image-1584\" src=\"http:\/\/le-nomade.com\/nomade\/wp-content\/uploads\/2014\/09\/Capture-d\u2019\u00e9cran-2015-11-08-\u00e0-16.38.46.png\" alt=\"Calendrier les oiseaux \u00e0 Montr\u00e9al\" width=\"282\" height=\"282\" srcset=\"https:\/\/le-nomade.com\/nomade\/wp-content\/uploads\/2014\/09\/Capture-d\u2019\u00e9cran-2015-11-08-\u00e0-16.38.46.png 282w, https:\/\/le-nomade.com\/nomade\/wp-content\/uploads\/2014\/09\/Capture-d\u2019\u00e9cran-2015-11-08-\u00e0-16.38.46-150x150.png 150w, https:\/\/le-nomade.com\/nomade\/wp-content\/uploads\/2014\/09\/Capture-d\u2019\u00e9cran-2015-11-08-\u00e0-16.38.46-225x225.png 225w, https:\/\/le-nomade.com\/nomade\/wp-content\/uploads\/2014\/09\/Capture-d\u2019\u00e9cran-2015-11-08-\u00e0-16.38.46-60x60.png 60w\" sizes=\"(max-width: 282px) 100vw, 282px\" \/><\/a><\/p>\n<p>&nbsp;<\/p>\n<p>Calendrier intitul\u00e9 : <strong>Les oiseaux \u00e0 Montr\u00e9al<\/strong><\/p>\n<ul>\n<li>ISBN-10:\u00a0<a href=\"http:\/\/www.amazon.fr\/Oiseaux-Montreal-2016-Calendrier-Photographies\/dp\/1325121789\/ref=sr_1_1?s=books&amp;ie=UTF8&amp;qid=1447018143&amp;sr=1-1\" target=\"_blank\" rel=\"noopener\">1325121789<\/a><\/li>\n<li>ISBN-13:\u00a0<a title=\"Calendrier Les oiseaux \u00e0 montr\u00e9al\" href=\"http:\/\/www.amazon.fr\/Oiseaux-Montreal-2016-Calendrier-Photographies\/dp\/1325121789\/ref=sr_1_1?s=books&amp;ie=UTF8&amp;qid=1447018143&amp;sr=1-1\" target=\"_blank\" rel=\"noopener\">978-1325121786<\/a><\/li>\n<\/ul>\n<p><a title=\"Acheter sur amazon\" href=\"http:\/\/www.amazon.fr\/Oiseaux-Montreal-2016-Calendrier-Photographies\/dp\/1325121789\/ref=sr_1_1?s=books&amp;ie=UTF8&amp;qid=1447018401&amp;sr=1-1\" target=\"_blank\" rel=\"noopener\">Vous pouvez offrir ce calendrier <\/a>pour l&rsquo;ann\u00e9e 2016\u00a0en cadeau \u00e0 vos ami(e)s via le site de Amazon.fr<\/p>\n<p><a title=\"Extrait du calendrier\" href=\"http:\/\/le-nomade.com\/nomade\/wp-content\/uploads\/2014\/09\/Capture-d\u2019\u00e9cran-2015-11-08-\u00e0-16.52.54.png\" target=\"_blank\" rel=\"noopener\">Voir un extrait<\/a> de ce calendrier !<\/p>\n<p>&nbsp;<\/p>\n<p>&nbsp;<\/p>\n<p>&nbsp;<\/p>\n<p><a href=\"http:\/\/le-nomade.com\/nomade\/wp-content\/uploads\/2014\/09\/Capture-d\u2019\u00e9cran-2015-11-12-\u00e0-13.47.37.png\"><img loading=\"lazy\" decoding=\"async\" class=\"alignleft size-full wp-image-1594\" src=\"http:\/\/le-nomade.com\/nomade\/wp-content\/uploads\/2014\/09\/Capture-d\u2019\u00e9cran-2015-11-12-\u00e0-13.47.37.png\" alt=\"Capture d\u2019\u00e9cran 2015-11-12 \u00e0 13.47.37\" width=\"272\" height=\"274\" srcset=\"https:\/\/le-nomade.com\/nomade\/wp-content\/uploads\/2014\/09\/Capture-d\u2019\u00e9cran-2015-11-12-\u00e0-13.47.37.png 272w, https:\/\/le-nomade.com\/nomade\/wp-content\/uploads\/2014\/09\/Capture-d\u2019\u00e9cran-2015-11-12-\u00e0-13.47.37-150x150.png 150w, https:\/\/le-nomade.com\/nomade\/wp-content\/uploads\/2014\/09\/Capture-d\u2019\u00e9cran-2015-11-12-\u00e0-13.47.37-60x60.png 60w\" sizes=\"(max-width: 272px) 100vw, 272px\" \/><\/a><\/p>\n<p>&nbsp;<\/p>\n<p>Calendrier intitul\u00e9 : <strong>Architecture \u00e0 Montr\u00e9al<\/strong><\/p>\n<ul>\n<li>ISBN-10:\u00a0<a title=\"Calendrier sur l'architecture de Montr\u00e9al\" href=\"http:\/\/www.amazon.fr\/Architecture-Montreal-2016-Calendrier-Larchitecture\/dp\/1325122114\/ref=sr_1_2?s=books&amp;ie=UTF8&amp;qid=1447354051&amp;sr=1-2\" target=\"_blank\" rel=\"noopener\">1325122114<\/a><\/li>\n<li>ISBN-13:\u00a0<a title=\"Calendrier sur l'architecture de Montr\u00e9al\" href=\"http:\/\/www.amazon.fr\/Architecture-Montreal-2016-Calendrier-Larchitecture\/dp\/1325122114\/ref=sr_1_2?s=books&amp;ie=UTF8&amp;qid=1447354051&amp;sr=1-2\" target=\"_blank\" rel=\"noopener\">978-1325122110<\/a><\/li>\n<\/ul>\n<p><a href=\"http:\/\/www.amazon.fr\/Architecture-Montreal-2016-Calendrier-Larchitecture\/dp\/1325122114\/ref=sr_1_2?s=books&amp;ie=UTF8&amp;qid=1447354051&amp;sr=1-2\" target=\"_blank\" rel=\"noopener\">Vous pouvez offrir ce calendrier<\/a><a title=\"Acheter sur amazon\" href=\"http:\/\/www.amazon.fr\/Oiseaux-Montreal-2016-Calendrier-Photographies\/dp\/1325121789\/ref=sr_1_1?s=books&amp;ie=UTF8&amp;qid=1447018401&amp;sr=1-1\" target=\"_blank\" rel=\"noopener\">\u00a0<\/a>pour l&rsquo;ann\u00e9e 2016\u00a0en cadeau \u00e0 vos ami(e)s via le site de Amazon.fr<\/p>\n<p><a title=\"Extrait du calendrier\" href=\"http:\/\/le-nomade.com\/nomade\/wp-content\/uploads\/2014\/09\/Capture-d\u2019\u00e9cran-2015-11-12-\u00e0-13.53.04.png\" target=\"_blank\" rel=\"noopener\">Voir un extrait<\/a>\u00a0de ce calendrier !<\/p>\n<p>&nbsp;<\/p>\n<p>&nbsp;<\/p>\n<p>&nbsp;<\/p>\n<p><a href=\"http:\/\/le-nomade.com\/nomade\/wp-content\/uploads\/2014\/09\/Capture-d\u2019\u00e9cran-2015-11-12-\u00e0-14.11.19.png\"><img loading=\"lazy\" decoding=\"async\" class=\"alignleft size-full wp-image-1603\" src=\"http:\/\/le-nomade.com\/nomade\/wp-content\/uploads\/2014\/09\/Capture-d\u2019\u00e9cran-2015-11-12-\u00e0-14.11.19.png\" alt=\"Capture d\u2019\u00e9cran 2015-11-12 \u00e0 14.11.19\" width=\"268\" height=\"270\" srcset=\"https:\/\/le-nomade.com\/nomade\/wp-content\/uploads\/2014\/09\/Capture-d\u2019\u00e9cran-2015-11-12-\u00e0-14.11.19.png 268w, https:\/\/le-nomade.com\/nomade\/wp-content\/uploads\/2014\/09\/Capture-d\u2019\u00e9cran-2015-11-12-\u00e0-14.11.19-150x150.png 150w, https:\/\/le-nomade.com\/nomade\/wp-content\/uploads\/2014\/09\/Capture-d\u2019\u00e9cran-2015-11-12-\u00e0-14.11.19-60x60.png 60w\" sizes=\"(max-width: 268px) 100vw, 268px\" \/><\/a><\/p>\n<p>&nbsp;<\/p>\n<p>Calendrier intitul\u00e9 :\u00a0<strong>Feuilles d&rsquo;\u00e9rable au Canada<\/strong><\/p>\n<ul>\n<li>ISBN-10:\u00a0<a title=\"Calendrier sur les feuilles d'\u00e9rable au Canada\" href=\"http:\/\/www.amazon.fr\/Feuilles-dErable-Canada-2016-Beaute\/dp\/1325122769\/ref=sr_1_1?s=books&amp;ie=UTF8&amp;qid=1447354051&amp;sr=1-1\" target=\"_blank\" rel=\"noopener\">1325122769<\/a><\/li>\n<li>ISBN-13:\u00a0<a title=\"Calendrier sur les feuilles d'\u00e9rable au Canada\" href=\"http:\/\/www.amazon.fr\/Feuilles-dErable-Canada-2016-Beaute\/dp\/1325122769\/ref=sr_1_1?s=books&amp;ie=UTF8&amp;qid=1447354051&amp;sr=1-1\" target=\"_blank\" rel=\"noopener\">978-1325122769<\/a><\/li>\n<\/ul>\n<p><a href=\"http:\/\/www.amazon.fr\/Feuilles-dErable-Canada-2016-Beaute\/dp\/1325122769\/ref=sr_1_1?s=books&amp;ie=UTF8&amp;qid=1447354051&amp;sr=1-1\" target=\"_blank\" rel=\"noopener\">Vous pouvez offrir ce calendrier<\/a><a title=\"Acheter sur amazon\" href=\"http:\/\/www.amazon.fr\/Oiseaux-Montreal-2016-Calendrier-Photographies\/dp\/1325121789\/ref=sr_1_1?s=books&amp;ie=UTF8&amp;qid=1447018401&amp;sr=1-1\" target=\"_blank\" rel=\"noopener\">\u00a0<\/a>pour l&rsquo;ann\u00e9e 2016\u00a0en cadeau \u00e0 vos ami(e)s via le site de Amazon.fr<\/p>\n<p><a title=\"Extrait du calendrier sur les feuilles d'\u00e9rable au Canada\" href=\"http:\/\/le-nomade.com\/nomade\/wp-content\/uploads\/2014\/09\/Capture-d\u2019\u00e9cran-2015-11-12-\u00e0-14.05.00.png\" target=\"_blank\" rel=\"noopener\">Voir un extrait<\/a>\u00a0de ce calendrier !<\/p>\n<p>&nbsp;<\/p>\n<p>&nbsp;<\/p>\n<p>&nbsp;<\/p>\n<h3><a title=\"Philippe Waterloos\" href=\"http:\/\/www.amazon.fr\/s\/ref=dp_byline_sr_book_1?ie=UTF8&amp;text=Philippe+Waterloos&amp;search-alias=books-fr&amp;field-author=Philippe+Waterloos&amp;sort=relevancerank\" target=\"_blank\" rel=\"noopener\">Voir la liste compl\u00e8te<\/a> des calendriers disponibles sur amazon.fr et cr\u00e9\u00e9 par Philippe Waterloos.<\/h3>\n<p>&nbsp;<\/p>\n<h4>Plusieurs th\u00e8mes de photographies sont disponibles :<\/h4>\n<ul>\n<li><a title=\"ANimaux\" href=\"https:\/\/500px.com\/lenomadecom\/sets\/birds\" target=\"_blank\" rel=\"noopener\">Animaux<\/a><\/li>\n<li><a title=\"Architecture\" href=\"https:\/\/500px.com\/lenomadecom\/sets\/montreal\" target=\"_blank\" rel=\"noopener\">Architecture<\/a><\/li>\n<li><a title=\"Graffitis\" href=\"http:\/\/lenomadecom.500px.com\/graffiti\" target=\"_blank\" rel=\"noopener\">Graffitis<\/a><\/li>\n<li>Oiseaux<\/li>\n<li><a title=\"Fleurs\" href=\"https:\/\/500px.com\/lenomadecom\/sets\/fleursflowers\" target=\"_blank\" rel=\"noopener\">Fleurs<\/a><\/li>\n<li><a title=\"Automne\" href=\"https:\/\/500px.com\/lenomadecom\/sets\/autumn__automne\" target=\"_blank\" rel=\"noopener\">Automne<\/a><\/li>\n<\/ul>\n<p>Si vous d\u00e9sirez des photos personnalis\u00e9es ou votre portrait, contactez-nous<\/p>\n<p>\u00e0 <a href=\"mailto:info@le-nomade.com\" target=\"_blank\" rel=\"noopener\">info@le-nomade.com<\/a><\/p>\n<p>&nbsp;<\/p>\n<p>#calvendo<\/p>\n","protected":false},"excerpt":{"rendered":"<p>Acheter nos calendriers sur Amazon Laissez-nous concevoir votre calendrier pour l&rsquo;ann\u00e9e 2016 \u00e0 l&rsquo;aide de nos photographies sur le site<\/p>\n","protected":false},"author":1,"featured_media":0,"parent":40,"menu_order":0,"comment_status":"closed","ping_status":"closed","template":"","meta":{"footnotes":""},"_links":{"self":[{"href":"https:\/\/le-nomade.com\/nomade\/wp-json\/wp\/v2\/pages\/308"}],"collection":[{"href":"https:\/\/le-nomade.com\/nomade\/wp-json\/wp\/v2\/pages"}],"about":[{"href":"https:\/\/le-nomade.com\/nomade\/wp-json\/wp\/v2\/types\/page"}],"author":[{"embeddable":true,"href":"https:\/\/le-nomade.com\/nomade\/wp-json\/wp\/v2\/users\/1"}],"replies":[{"embeddable":true,"href":"https:\/\/le-nomade.com\/nomade\/wp-json\/wp\/v2\/comments?post=308"}],"version-history":[{"count":29,"href":"https:\/\/le-nomade.com\/nomade\/wp-json\/wp\/v2\/pages\/308\/revisions"}],"predecessor-version":[{"id":2140,"href":"https:\/\/le-nomade.com\/nomade\/wp-json\/wp\/v2\/pages\/308\/revisions\/2140"}],"up":[{"embeddable":true,"href":"https:\/\/le-nomade.com\/nomade\/wp-json\/wp\/v2\/pages\/40"}],"wp:attachment":[{"href":"https:\/\/le-nomade.com\/nomade\/wp-json\/wp\/v2\/media?parent=308"}],"curies":[{"name":"wp","href":"https:\/\/api.w.org\/{rel}","templated":true}]}}