{"id":418,"date":"2014-12-15T23:04:15","date_gmt":"2014-12-15T23:04:15","guid":{"rendered":"http:\/\/le-nomade.com\/nomade\/?page_id=418"},"modified":"2015-06-13T18:01:23","modified_gmt":"2015-06-13T18:01:23","slug":"mes-photos-preferees","status":"publish","type":"page","link":"https:\/\/le-nomade.com\/nomade\/photographie-au-canada\/500px\/mes-photos-preferees\/","title":{"rendered":"Mes photos pr\u00e9f\u00e9r\u00e9es"},"content":{"rendered":"<p><strong>Mes photos pr\u00e9f\u00e9r\u00e9es sur le site de 500px<\/strong><\/p>\n<p>Voici une liste de mes photos pr\u00e9f\u00e9r\u00e9es et publi\u00e9es sur 500px. Ces photos ont \u00e9t\u00e9 prises en France ou au Canada pour la plupart, et l&rsquo;auteur est Philippe Waterloos.<\/p>\n<p><a title=\"lenomadecom sur 500px\" href=\"https:\/\/500px.com\/lenomadecom\/sets\/the_ones_i_prefer\" target=\"_blank\">https:\/\/500px.com\/lenomadecom\/sets\/the_ones_i_prefer<\/a><\/p>\n<p>Pour information, toutes les photos sont disponibles \u00e0 la vente pour \u00eatre utilis\u00e9es sur Internet tout comme imprim\u00e9es et encadr\u00e9es. Le site de 500px propose une bonne gamme d&rsquo;encadrements et de supports imprim\u00e9s.<\/p>\n","protected":false},"excerpt":{"rendered":"<p>Mes photos pr\u00e9f\u00e9r\u00e9es sur le site de 500px Voici une liste de mes photos pr\u00e9f\u00e9r\u00e9es et publi\u00e9es sur 500px. Ces<\/p>\n","protected":false},"author":1,"featured_media":0,"parent":260,"menu_order":0,"comment_status":"closed","ping_status":"closed","template":"template-fullwidth.php","meta":{"footnotes":""},"_links":{"self":[{"href":"https:\/\/le-nomade.com\/nomade\/wp-json\/wp\/v2\/pages\/418"}],"collection":[{"href":"https:\/\/le-nomade.com\/nomade\/wp-json\/wp\/v2\/pages"}],"about":[{"href":"https:\/\/le-nomade.com\/nomade\/wp-json\/wp\/v2\/types\/page"}],"author":[{"embeddable":true,"href":"https:\/\/le-nomade.com\/nomade\/wp-json\/wp\/v2\/users\/1"}],"replies":[{"embeddable":true,"href":"https:\/\/le-nomade.com\/nomade\/wp-json\/wp\/v2\/comments?post=418"}],"version-history":[{"count":7,"href":"https:\/\/le-nomade.com\/nomade\/wp-json\/wp\/v2\/pages\/418\/revisions"}],"predecessor-version":[{"id":1314,"href":"https:\/\/le-nomade.com\/nomade\/wp-json\/wp\/v2\/pages\/418\/revisions\/1314"}],"up":[{"embeddable":true,"href":"https:\/\/le-nomade.com\/nomade\/wp-json\/wp\/v2\/pages\/260"}],"wp:attachment":[{"href":"https:\/\/le-nomade.com\/nomade\/wp-json\/wp\/v2\/media?parent=418"}],"curies":[{"name":"wp","href":"https:\/\/api.w.org\/{rel}","templated":true}]}}