{"id":627,"date":"2015-03-12T13:53:04","date_gmt":"2015-03-12T13:53:04","guid":{"rendered":"http:\/\/le-nomade.com\/nomade\/?page_id=627"},"modified":"2015-06-13T17:54:53","modified_gmt":"2015-06-13T17:54:53","slug":"forfaits","status":"publish","type":"page","link":"https:\/\/le-nomade.com\/nomade\/forfaits\/","title":{"rendered":"Forfaits"},"content":{"rendered":"<h2>Consulter tous nos forfaits<\/h2>\n<p>Le Nomade.Com offre des forfaits pour les services suivants :<\/p>\n<ul>\n<li><a title=\"Forfait WordPress\" href=\"http:\/\/le-nomade.com\/nomade\/forfait-wordpress\/\">Conception de site en WordPress<\/a><\/li>\n<li><a title=\"Forfait formation WordPress\" href=\"http:\/\/le-nomade.com\/nomade\/forfait-formation-wordpress\/\">Formation pour d\u00e9butant pour apprendre \u00e0 g\u00e9rer un site en WordPress<\/a><\/li>\n<li><a title=\"Forfait r\u00e9f\u00e9rencement SEO\" href=\"http:\/\/le-nomade.com\/nomade\/forfait-referencement-seo\/\">R\u00e9f\u00e9rencement SEO<\/a><\/li>\n<li>H\u00e9bergement de bases de donn\u00e9es Filemaker<\/li>\n<li>Service de webmestre<\/li>\n<li>Service d&rsquo;\u00e9dimestre<\/li>\n<li>Service photo<\/li>\n<\/ul>\n","protected":false},"excerpt":{"rendered":"<p>Consulter tous nos forfaits Le Nomade.Com offre des forfaits pour les services suivants : Conception de site en WordPress Formation<\/p>\n","protected":false},"author":1,"featured_media":0,"parent":0,"menu_order":0,"comment_status":"closed","ping_status":"closed","template":"","meta":{"footnotes":""},"_links":{"self":[{"href":"https:\/\/le-nomade.com\/nomade\/wp-json\/wp\/v2\/pages\/627"}],"collection":[{"href":"https:\/\/le-nomade.com\/nomade\/wp-json\/wp\/v2\/pages"}],"about":[{"href":"https:\/\/le-nomade.com\/nomade\/wp-json\/wp\/v2\/types\/page"}],"author":[{"embeddable":true,"href":"https:\/\/le-nomade.com\/nomade\/wp-json\/wp\/v2\/users\/1"}],"replies":[{"embeddable":true,"href":"https:\/\/le-nomade.com\/nomade\/wp-json\/wp\/v2\/comments?post=627"}],"version-history":[{"count":8,"href":"https:\/\/le-nomade.com\/nomade\/wp-json\/wp\/v2\/pages\/627\/revisions"}],"predecessor-version":[{"id":1309,"href":"https:\/\/le-nomade.com\/nomade\/wp-json\/wp\/v2\/pages\/627\/revisions\/1309"}],"wp:attachment":[{"href":"https:\/\/le-nomade.com\/nomade\/wp-json\/wp\/v2\/media?parent=627"}],"curies":[{"name":"wp","href":"https:\/\/api.w.org\/{rel}","templated":true}]}}