{"id":937,"date":"2015-04-11T20:45:58","date_gmt":"2015-04-11T20:45:58","guid":{"rendered":"http:\/\/le-nomade.com\/nomade\/?page_id=937"},"modified":"2025-01-05T10:10:19","modified_gmt":"2025-01-05T10:10:19","slug":"etape-pour-creer-un-site-internet","status":"publish","type":"page","link":"https:\/\/le-nomade.com\/nomade\/clients\/etape-pour-creer-un-site-internet\/","title":{"rendered":"\u00c9tapes pour d\u00e9velopper son projet"},"content":{"rendered":"<h2>Guide conseil et \u00e9tapes pour cr\u00e9er un site internet<\/h2>\n<p>Au cours des ann\u00e9es, nous nous sommes aper\u00e7us que des clients avaient des projets en t\u00eate mais sans avoir une id\u00e9e de base pour g\u00e9rer leur projet. <strong>Analyse fonctionnelle<\/strong>, <strong>prototype<\/strong>, <strong>architecture d&rsquo;information<\/strong>, sont tous des termes parmi d&rsquo;autres qu&rsquo;un client devrait apprendre \u00e0 conna\u00eetre avec son fournisseur.<\/p>\n<p><strong>L&rsquo;objectif est double !<\/strong> D&rsquo;une part, permettre au client de mieux comprendre les \u00e9tapes d&rsquo;un projet, d&rsquo;autre part, permettre au fournisseur de g\u00e9rer un projet qui sera approuv\u00e9 par le client parce qu&rsquo;il l&rsquo;aura parfaitement compris.<\/p>\n<p>Voici donc un r\u00e9sum\u00e9 des points principaux ainsi que les sources des documents r\u00e9pertori\u00e9s sur Internet. L&rsquo;objectif de cette page n&rsquo;est pas de r\u00e9-\u00e9crire de longs documents qui sont d\u00e9j\u00e0 disponibles et tr\u00e8s bien mont\u00e9s mais bien d&rsquo;aider nos clients et futurs clients.<\/p>\n<p>Voici donc les \u00e9tapes dans les grandes lignes pour cr\u00e9er un site Internet :<\/p>\n<h3>R\u00c9FLEXION<\/h3>\n<p style=\"padding-left: 30px;\">PLANIFICATION STRAT\u00c9GIQUE :\u00a0identification des besoins de votre entreprise ou organisme<\/p>\n<p style=\"padding-left: 30px;\">CONCEPTION : \u00e9tablissement des param\u00e8tres concrets\u00a0menant \u00e0 la r\u00e9daction du cahier de production<\/p>\n<h3>D\u00c9VELOPPEMENT<\/h3>\n<p style=\"padding-left: 30px;\">PRODUCTION :\u00a0r\u00e9alisation technique et artistique<\/p>\n<p style=\"padding-left: 30px;\">MISE EN LIGNE :\u00a0d\u00e9ploiement, lancement et promotion<\/p>\n<h3>MAINTENANCE<\/h3>\n<p style=\"padding-left: 30px;\">EXPLOITATION :\u00a0mesure des r\u00e9sultats,\u00a0maintenance et optimisation<\/p>\n<p>Pour avoir le d\u00e9tail, nous vous conseillons de lire les documents dans la liste ci-bas ou encore de nous contacter afin d&rsquo;utiliser nos services-conseils.<\/p>\n<p><strong>Sources :<\/strong><\/p>\n<p><a href=\"http:\/\/alliancenumerique.com\/wp-content\/uploads\/2013\/02\/Guide-des-meilleures-pratiques-Web.pdf\" target=\"_blank\" rel=\"noopener\">Guide des meilleures pratiques web &#8211; Alliance num\u00e9rique<\/a><\/p>\n<p><a href=\"http:\/\/jaiunprojet.ch\/wa_files\/GP1.pdf\" target=\"_blank\" rel=\"noopener\">Questions \u00e0 poser aux fournisseurs<\/a><\/p>\n<div id=\"usermessagea\" class=\"cf_info \"><\/div><form enctype=\"multipart\/form-data\" action=\"\/nomade\/wp-json\/wp\/v2\/pages\/937#usermessagea\" method=\"post\" class=\"cform contact \" id=\"cformsform\"><fieldset class=\"cf-fs1\"><legend>Contactez-nous<\/legend><ol class=\"cf-ol\"><li id=\"li--2\" class=\"\"><label for=\"cf_field_2\"><span>Votre nom<\/span><\/label><input type=\"text\" name=\"cf_field_2\" id=\"cf_field_2\" class=\"single fldrequired\" value=\"\" onfocus=\"clearField(this)\" onblur=\"setField(this)\"\/><span class=\"reqtxt\">(requis)<\/span><\/li><li id=\"li--3\" class=\"\"><label for=\"cf_field_3\"><span>Courriel<\/span><\/label><input type=\"text\" name=\"cf_field_3\" id=\"cf_field_3\" class=\"single fldemail fldrequired\" value=\"\"\/><span class=\"emailreqtxt\">(courriel valide requis)<\/span><\/li><li id=\"li--4\" class=\"\"><label for=\"cf_field_4\"><span>Website<\/span><\/label><input type=\"text\" name=\"cf_field_4\" id=\"cf_field_4\" class=\"single\" value=\"http:\/\/\"\/><\/li><li id=\"li--5\" class=\"\"><label for=\"cf_field_5\"><span>Message<\/span><\/label><textarea cols=\"30\" rows=\"8\" name=\"cf_field_5\" id=\"cf_field_5\" class=\"area\"><\/textarea><\/li><\/ol><\/fieldset><fieldset class=\"cf_hidden\"><legend>&nbsp;<\/legend><input type=\"hidden\" name=\"cf_working\" id=\"cf_working\" value=\"<span>un%20moment%20svp...<\/span>\"\/><input type=\"hidden\" name=\"cf_failure\" id=\"cf_failure\" value=\"<span>Veuillez%20remplir%20tous%20les%20champs%20obligatoires<\/span>\"\/><input type=\"hidden\" name=\"cf_codeerr\" id=\"cf_codeerr\" value=\"<span>Please%20double-check%20your%20verification%20code.<\/span>\"\/><input type=\"hidden\" name=\"cf_customerr\" id=\"cf_customerr\" value=\"yyy\"\/><input type=\"hidden\" name=\"cf_popup\" id=\"cf_popup\" value=\"nn\"\/><\/fieldset><p class=\"cf-sb\"><input type=\"submit\" name=\"sendbutton\" id=\"sendbutton\" class=\"sendbutton\" value=\"Envoyer\" onclick=\"return cforms_validate('', false)\"\/><\/p><\/form>\n","protected":false},"excerpt":{"rendered":"<p>Guide conseil et \u00e9tapes pour cr\u00e9er un site internet Au cours des ann\u00e9es, nous nous sommes aper\u00e7us que des clients<\/p>\n","protected":false},"author":1,"featured_media":0,"parent":464,"menu_order":0,"comment_status":"closed","ping_status":"open","template":"","meta":{"footnotes":""},"_links":{"self":[{"href":"https:\/\/le-nomade.com\/nomade\/wp-json\/wp\/v2\/pages\/937"}],"collection":[{"href":"https:\/\/le-nomade.com\/nomade\/wp-json\/wp\/v2\/pages"}],"about":[{"href":"https:\/\/le-nomade.com\/nomade\/wp-json\/wp\/v2\/types\/page"}],"author":[{"embeddable":true,"href":"https:\/\/le-nomade.com\/nomade\/wp-json\/wp\/v2\/users\/1"}],"replies":[{"embeddable":true,"href":"https:\/\/le-nomade.com\/nomade\/wp-json\/wp\/v2\/comments?post=937"}],"version-history":[{"count":22,"href":"https:\/\/le-nomade.com\/nomade\/wp-json\/wp\/v2\/pages\/937\/revisions"}],"predecessor-version":[{"id":2315,"href":"https:\/\/le-nomade.com\/nomade\/wp-json\/wp\/v2\/pages\/937\/revisions\/2315"}],"up":[{"embeddable":true,"href":"https:\/\/le-nomade.com\/nomade\/wp-json\/wp\/v2\/pages\/464"}],"wp:attachment":[{"href":"https:\/\/le-nomade.com\/nomade\/wp-json\/wp\/v2\/media?parent=937"}],"curies":[{"name":"wp","href":"https:\/\/api.w.org\/{rel}","templated":true}]}}